ppose 124*t + 14*t + t = 157904. What is the hundreds digit of t?
1
Suppose t - 5*a - 7283 = 0, 0 = -4*t - 2*a - 15919 + 45029. What is the hundreds digit of t?
2
Suppose -7*x - 16057 + 314082 = 0. What is the ten thousands digit of x?
4
Let s = -25231 + 72093. What is the hundreds digit of s?
8
Let d = -59118 - -90016. What is the units digit of d?
8
Suppose b + b - 3*y = -17, 0 = b - y + 7. Let z be 1988/6 + (b/(-3))/(-4). Let s = z - 228. What is the units digit of s?
3
Suppose -s - 4*j = 44, 28 = -2*s + 2*j + 2*j. What is the tens digit of (s/(-6) + 525)*1?
2
Let i = 48 - 107. Let g be ((-21)/(-14))/((-3)/272). Let m = i - g. What is the units digit of m?
7
Let r(u) = 37*u**2 + 546*u + 381. What is the hundreds digit of r(-39)?
3
Suppose -3*c + x = -8 - 4, -2*c = -4*x - 8. Let w be (-4 - -2)*20*(-58)/c. Let q = w - 340. What is the units digit of q?
0
Let l = 683 + -596. Suppose l*o = 91*o - 2828. What is the hundreds digit of o?
7
Suppose 2*c = c + 912. Let b = -325 + c. What is the units digit of b?
7
Suppose 15*a = 13*a + 58. Let p = a - 39. Let c(b) = -b**3 - 9*b**2 + 7*b + 2. What is the tens digit of c(p)?
3
Suppose -5*y + 0*y = 0, 15 = 3*w - 2*y. Let a(r) = 4*r**3 + 6*r - 2. What is the tens digit of a(w)?
2
Let w be 17/(102/(-4))*9. What is the tens digit of ((-674)/w)/(44/132)?
3
Suppose 4*d + 2*b + 60 = 0, b - 167 = 5*d - 113. Let f(i) be the first derivative of -i**4/4 - 4*i**3 - 3*i**2 - 16*i - 1. What is the units digit of f(d)?
6
Let m(l) be the first derivative of 4*l**4/3 + l**3/6 - 5*l**2 + 6*l + 17. Let b(j) be the first derivative of m(j). What is the units digit of b(-3)?
1
Suppose -5*z - 143*h + 41882 = -146*h, -z - h + 8370 = 0. What is the hundreds digit of z?
3
What is the hundreds digit of (41/(-3) - 2)/(6 - (-4972)/(-828))?
2
Let s(y) = 16303*y**2 - 25*y - 17. What is the tens digit of s(-1)?
1
Suppose -6*z - 10 = 3*k - 11*z, -2*k + 4*z = 8. Suppose -22*m + 8*m + 14896 = k. What is the thousands digit of m?
1
Let s(z) = -310*z - 47. Let g be s(-14). Suppose -g = -3*j - 312. What is the thousands digit of j?
1
Let f(s) = -3*s - 3. Let o be f(-2). Let x be -37*(0 + o) - -1. Let n = 154 + x. What is the units digit of n?
4
What is the tens digit of -6 + (-6 - 36/(-6))/1 + 34025?
1
Let k = 282 - 282. Suppose k = 22*f - 2*f - 10840. What is the hundreds digit of f?
5
Suppose 2*q + 3 = -k, 0 = 4*q - 6*k + k + 41. What is the tens digit of q*(356/(-8) - -2)?
7
Let n = -5676 + 9405. What is the hundreds digit of n?
7
Let k = 11248 - -19721. What is the tens digit of (k/54)/((0 + -3)/(-6))?
4
Let f be (-3)/(-2 - (-35)/28). Suppose -388 = -3*w - w - f*y, 2*w - 5*y = 159. What is the units digit of w?
2
Let l(v) = 174*v + 89. Suppose -m - 5*f - 8 = 0, 2*m + 4*f - 2 = -0. What is the thousands digit of l(m)?
1
Suppose -2*w + 5*i = 3*i - 8, -w = 4*i + 16. Suppose 4*g - g + 63 = w. Let q = g - -117. What is the units digit of q?
6
Let o be 30/135 + 68/18. Let k = o + -6. Let u(t) = -12*t - 1. What is the units digit of u(k)?
3
Suppose -127*f - 4606 = -134*f. Let u = -370 + f. What is the units digit of u?
8
Let l = 8239 + 5974. What is the hundreds digit of l?
2
Let a(z) = 37*z**3 - 2*z**2 + 2*z - 1. Let r = -30 + 34. Suppose -5*f + 3 = -d, r*f + 0*f + 2*d = 8. What is the units digit of a(f)?
6
Let n = -53832 - -85011. What is the ten thousands digit of n?
3
Suppose -40*x - 12 = -38*x. Let k(d) = 7*d**2 + 13*d + 98. What is the units digit of k(x)?
2
Suppose -7*f = 4*q - 14760, 17*f - 15*f = -q + 3688. What is the hundreds digit of q?
7
Let y = 209 - 121. Suppose y*m - 8138 = 75*m. What is the units digit of m?
6
Let p(b) = -2*b - 12. Let g be p(0). Let n = 10 + g. Let m(o) = -3*o**3 - o**2 - o - 3. What is the units digit of m(n)?
9
Let q = 35435 - 11550. What is the hundreds digit of q?
8
What is the thousands digit of ((-854)/(-4) + -1)/((-539)/(-44198))?
7
Suppose -3*g = -w + 10852, -21633 = 5*w + g - 75941. What is the tens digit of w?
6
Let b be 87/(-2) - (-1)/2. Let a = 366 + b. What is the tens digit of a?
2
Let i(m) = -420*m + 3. Let s be i(-1). Let a = 148 + s. What is the tens digit of a?
7
What is the hundreds digit of (-11)/((-88)/32) - -5464?
4
Suppose 21*v = 6*v - 285. Let k(p) = 4*p**2 + 21*p + 55. What is the units digit of k(v)?
0
Suppose 2*x = -0*d + d + 11, d - 4*x + 19 = 0. What is the units digit of d/9 + ((-8049)/(-9) - -6)?
0
Let v(j) be the second derivative of 13/3*j**3 + 19/2*j**2 + 1/20*j**5 + 28*j + 0 - 2*j**4. What is the tens digit of v(23)?
8
Let l(s) = -5*s**2 + 14*s - 1. Let x be l(4). Let h = 29 + x. Suppose -119 - 1 = -h*a. What is the units digit of a?
0
Let j(r) = -r**3 - 19*r**2 - 19*r - 13. Let t be j(-18). Suppose 2*z + 4 = -5*o - 18, t*o + 25 = -5*z. What is the units digit of 1/(-1) - 6/o*2?
2
Let g(d) = -6*d + 20. Let o be g(-13). Suppose -4*n = 3*q - o, -5*q + 4*q = -n + 28. Let l = n + 38. What is the units digit of l?
4
Let b(h) be the first derivative of -3*h**4/4 - 10*h**3/3 - 13*h**2/2 - 9*h - 92. What is the tens digit of b(-6)?
5
Suppose -3*v + 33698 = 3*m - 5*v, 44932 = 4*m - 3*v. What is the thousands digit of m?
1
Let q = -11772 - -20666. What is the hundreds digit of q?
8
Suppose -185*j + 323280 = -65*j. What is the hundreds digit of j?
6
Let u = 617 + 78. Suppose 7*g = u + 6270. What is the tens digit of g?
9
Suppose 0 = t + 4*z - 9*z + 12, z = -2*t + 9. Suppose t*y = 4*j + 1204, -y + 4*j = y - 800. What is the hundreds digit of y?
4
Suppose -3*h - 15 = 0, 5*l + 3*h + 2*h = 120. Let m = 37 - l. Suppose -2*g = -2 - m. What is the units digit of g?
5
Let d be (4/2)/(2/(-13)). Let h(w) be the first derivative of w**4/4 + 5*w**3 + 10*w**2 + 16*w + 9. What is the units digit of h(d)?
4
Let l(z) = z**2 + 27*z + 174. Let q be l(-8). Suppose 2*k - 254 + q = -2*h, 112 = h + 2*k. What is the units digit of h?
0
Let h(d) = -d**2 + 4*d + 3. Suppose b = 2*b - 5. Suppose -a - 3 + 8 = -s, -b = -s - a. What is the units digit of h(s)?
3
What is the units digit of -3 - (3409047/162)/(2*(-3)/4)?
6
Suppose v = 3*x + 841 - 9841, 11974 = 4*x + 3*v. What is the units digit of x?
8
Suppose 85705 = 9*n + 5*n - 80293. What is the ten thousands digit of n?
1
Suppose -92*g = -70*g - 57046. Let l = -930 + g. What is the tens digit of l?
6
Let h(q) = -q**3 - 4*q**2 - 23*q - 75. Let d be h(-5). Let x = d - -117. What is the tens digit of x?
8
Let m = 89 + -93. Let o(b) = -23*b**3 - 9*b**2 + 6. What is the hundreds digit of o(m)?
3
Let j be 5 + (-3 - 4/4). Let z be 6/(-18)*j*-6. Suppose 46 = z*u + 3*p - 173, -u - 4*p + 107 = 0. What is the hundreds digit of u?
1
Let p(g) = 4*g**2 + 12*g + 3. Suppose 9*w + 39 + 42 = 0. What is the hundreds digit of p(w)?
2
Suppose -o = 4*u - 6*u - 109, 0 = 2*o - 5*u - 218. Suppose -15*w + 402 = 2*j - 18*w, j + w = 191. Let r = j - o. What is the units digit of r?
6
Let g(p) = 20*p**2 + 19*p + 8. Let s(o) = -30*o**2 - 27*o - 12. Let h(v) = -7*g(v) - 5*s(v). What is the units digit of h(-5)?
4
Let b(u) = 7*u + 9. Let f be b(-1). Suppose -11*r = -f*r - 3636. What is the units digit of r?
4
Let a = 30 - 31. Let c be -1 + 84 + (a - -7 - 5). Let t = -37 + c. What is the tens digit of t?
4
Let r(j) = j**3 - 2*j**2 - 7*j - 1. Let d be r(4). Let a be ((-10)/4)/(d/(-204)). Let w = -68 + a. What is the units digit of w?
2
Let d = 7457 + -4086. What is the tens digit of d?
7
Suppose -2*b - 2*s = -38 - 52, -5*b - 2*s = -213. Let j = b - 31. Suppose j - 92 = -i. What is the tens digit of i?
8
Suppose 5*s = -2*h - 41, -4*h - 5*s + 37 = 144. Let f = h + 5. What is the units digit of (-270)/(-4) - (f/(-7))/(-8)?
8
Let l(n) = n**3 + 24*n**2 - 39*n - 38. Let p be l(-26). What is the tens digit of (-3 + -4 + p/(-12))*9?
1
Suppose 127*s - 125*s = 168. Suppose -5*r = -4*o - 17, -5*r = -4*o + 6*o - 29. Suppose r*z = 6*z - s. What is the tens digit of z?
8
What is the hundreds digit of (-1)/(7/(-776202)*6)?
4
Suppose 4*q - 3*k = 30, 3*k = 3*q + k - 22. Let d be 22/q + (-2)/(-6). Suppose z - d*b = 228, -322 - 122 = -2*z + 5*b. What is the units digit of z?
2
Let m(q) = -10 + 3 + 11*q**3 - 6*q**2 + 3*q**3 - 17*q**3. What is the hundreds digit of m(-6)?
4
Let r(k) = 2090*k - 159. What is the hundreds digit of r(15)?
1
Let a(y) = -34*y + 4. Let o be a(-5). What is the hundreds digit of (o/(-